{"id":24,"date":"2016-09-27T13:52:22","date_gmt":"2016-09-27T13:52:22","guid":{"rendered":"http:\/\/patched-voices.de\/?page_id=24"},"modified":"2025-11-26T18:54:43","modified_gmt":"2025-11-26T18:54:43","slug":"chorleiterin","status":"publish","type":"page","link":"https:\/\/patched-voices.de\/?page_id=24","title":{"rendered":"CHORLEITERIN"},"content":{"rendered":"<p><span style=\"color: #000000;\"><strong>Chorleiterin Mona Dornbusch<\/strong><\/span><\/p>\n<p><img loading=\"lazy\" decoding=\"async\" class=\"alignnone  wp-image-994\" src=\"https:\/\/patched-voices.de\/wp-content\/uploads\/2025\/11\/DSC_5268_web-683x1024.jpg\" alt=\"\" width=\"550\" height=\"825\" srcset=\"https:\/\/patched-voices.de\/wp-content\/uploads\/2025\/11\/DSC_5268_web-683x1024.jpg 683w, https:\/\/patched-voices.de\/wp-content\/uploads\/2025\/11\/DSC_5268_web-200x300.jpg 200w, https:\/\/patched-voices.de\/wp-content\/uploads\/2025\/11\/DSC_5268_web-768x1152.jpg 768w, https:\/\/patched-voices.de\/wp-content\/uploads\/2025\/11\/DSC_5268_web-1024x1536.jpg 1024w, https:\/\/patched-voices.de\/wp-content\/uploads\/2025\/11\/DSC_5268_web-1365x2048.jpg 1365w, https:\/\/patched-voices.de\/wp-content\/uploads\/2025\/11\/DSC_5268_web-scaled.jpg 1707w\" sizes=\"auto, (max-width: 550px) 100vw, 550px\" \/><\/p>\n<p>Seit M\u00e4rz 2020 ist Mona Dornbusch unsere neue Chorleiterin.<\/p>\n<p>Wie viele andere Chorbegeisterte hat auch sie ihre ersten Chorerfahrungen im Kinderchor gemacht. Parallel zu ihrem Instrumentalunterricht an Fl\u00f6te, Klavier und Saxophon hat sie w\u00e4hrend ihrer gesamten Schulzeit in verschiedenen Gesangsensembles der Immanuel-Kant-Schule in R\u00fcsselsheim gesungen. Darunter auch in den \u201eSwinging Sisters\u201c der IKS Swing Kids und dem Acappella-Ensemble \u201eGoldkehlchen\u201c. Diese hei\u00dfen zwischenzeitlich \u201eWeird Voices\u201c, und sie ist immer noch Altistin in diesem Doppelquartett. Auch im Jugendchor des GVE Nauheim war sie seit 1996 als S\u00e4ngerin aktiv. Nach einigen Projektarbeiten im Jugendchor hat es sie mehr und mehr gereizt nicht nur organisatorisch den Chor zu pr\u00e4gen, sondern auch musikalisch und sie begann, 2003 eine Chorleiterausbildung beim hessischen S\u00e4ngerbund in Frankfurt. Zur gleichen Zeit arbeitete sie (bis 2007) mit dem Acappella-Ensemble \u201eBlueNotes\u201c aus Nauheim. 2006 hat sie den Popchor H\u00f6rsturz \u00fcbernommen. 2020 folgten dann die Patched Voices.<br \/>\nDie Chorarbeit macht ihr gro\u00dfe Freude, da es f\u00fcr sie immer wieder ein Abenteuer ist, die Stimmen auf dem Weg zum gemeinsamen Klang zu begleiten und die S\u00e4ngerinnen und S\u00e4nger mitzurei\u00dfen, zu motivieren, neues zu wagen und den eigenen Gesang zu genie\u00dfen.<\/p>\n","protected":false},"excerpt":{"rendered":"<p>Chorleiterin Mona Dornbusch Seit M\u00e4rz 2020 ist Mona Dornbusch unsere neue Chorleiterin. Wie viele andere Chorbegeisterte hat auch sie ihre ersten Chorerfahrungen im Kinderchor gemacht. Parallel zu ihrem Instrumentalunterricht an Fl\u00f6te, Klavier und Saxophon hat sie w\u00e4hrend ihrer gesamten Schulzeit in verschiedenen Gesangsensembles der Immanuel-Kant-Schule in R\u00fcsselsheim gesungen. Darunter auch in den \u201eSwinging Sisters\u201c der <a class=\"more-link\" href=\"https:\/\/patched-voices.de\/?page_id=24\">weiterlesen&#8230;<\/a><\/p>\n","protected":false},"author":2,"featured_media":0,"parent":0,"menu_order":0,"comment_status":"closed","ping_status":"closed","template":"","meta":{"footnotes":""},"class_list":["post-24","page","type-page","status-publish","hentry"],"_links":{"self":[{"href":"https:\/\/patched-voices.de\/index.php?rest_route=\/wp\/v2\/pages\/24","targetHints":{"allow":["GET"]}}],"collection":[{"href":"https:\/\/patched-voices.de\/index.php?rest_route=\/wp\/v2\/pages"}],"about":[{"href":"https:\/\/patched-voices.de\/index.php?rest_route=\/wp\/v2\/types\/page"}],"author":[{"embeddable":true,"href":"https:\/\/patched-voices.de\/index.php?rest_route=\/wp\/v2\/users\/2"}],"replies":[{"embeddable":true,"href":"https:\/\/patched-voices.de\/index.php?rest_route=%2Fwp%2Fv2%2Fcomments&post=24"}],"version-history":[{"count":42,"href":"https:\/\/patched-voices.de\/index.php?rest_route=\/wp\/v2\/pages\/24\/revisions"}],"predecessor-version":[{"id":995,"href":"https:\/\/patched-voices.de\/index.php?rest_route=\/wp\/v2\/pages\/24\/revisions\/995"}],"wp:attachment":[{"href":"https:\/\/patched-voices.de\/index.php?rest_route=%2Fwp%2Fv2%2Fmedia&parent=24"}],"curies":[{"name":"wp","href":"https:\/\/api.w.org\/{rel}","templated":true}]}}

<p><span style="color: #000000;"><strong>Chorleiterin Mona Dornbusch</strong></span></p>
<p><img loading="lazy" decoding="async" class="alignnone  wp-image-994" src="https://patched-voices.de/wp-content/uploads/2025/11/DSC_5268_web-683x1024.jpg" alt="" width="550" height="825" srcset="https://patched-voices.de/wp-content/uploads/2025/11/DSC_5268_web-683x1024.jpg 683w, https://patched-voices.de/wp-content/uploads/2025/11/DSC_5268_web-200x300.jpg 200w, https://patched-voices.de/wp-content/uploads/2025/11/DSC_5268_web-768x1152.jpg 768w, https://patched-voices.de/wp-content/uploads/2025/11/DSC_5268_web-1024x1536.jpg 1024w, https://patched-voices.de/wp-content/uploads/2025/11/DSC_5268_web-1365x2048.jpg 1365w, https://patched-voices.de/wp-content/uploads/2025/11/DSC_5268_web-scaled.jpg 1707w" sizes="auto, (max-width: 550px) 100vw, 550px" /></p>
<p>Seit März 2020 ist Mona Dornbusch unsere neue Chorleiterin.</p>
<p>Wie viele andere Chorbegeisterte hat auch sie ihre ersten Chorerfahrungen im Kinderchor gemacht. Parallel zu ihrem Instrumentalunterricht an Flöte, Klavier und Saxophon hat sie während ihrer gesamten Schulzeit in verschiedenen Gesangsensembles der Immanuel-Kant-Schule in Rüsselsheim gesungen. Darunter auch in den „Swinging Sisters“ der IKS Swing Kids und dem Acappella-Ensemble „Goldkehlchen“. Diese heißen zwischenzeitlich „Weird Voices“, und sie ist immer noch Altistin in diesem Doppelquartett. Auch im Jugendchor des GVE Nauheim war sie seit 1996 als Sängerin aktiv. Nach einigen Projektarbeiten im Jugendchor hat es sie mehr und mehr gereizt nicht nur organisatorisch den Chor zu prägen, sondern auch musikalisch und sie begann, 2003 eine Chorleiterausbildung beim hessischen Sängerbund in Frankfurt. Zur gleichen Zeit arbeitete sie (bis 2007) mit dem Acappella-Ensemble „BlueNotes“ aus Nauheim. 2006 hat sie den Popchor Hörsturz übernommen. 2020 folgten dann die Patched Voices.<br />
Die Chorarbeit macht ihr große Freude, da es für sie immer wieder ein Abenteuer ist, die Stimmen auf dem Weg zum gemeinsamen Klang zu begleiten und die Sängerinnen und Sänger mitzureißen, zu motivieren, neues zu wagen und den eigenen Gesang zu genießen.</p>

<p>Chorleiterin Mona Dornbusch Seit März 2020 ist Mona Dornbusch unsere neue Chorleiterin. Wie viele andere Chorbegeisterte hat auch sie ihre ersten Chorerfahrungen im Kinderchor gemacht. Parallel zu ihrem Instrumentalunterricht an Flöte, Klavier und Saxophon hat sie während ihrer gesamten Schulzeit in verschiedenen Gesangsensembles der Immanuel-Kant-Schule in Rüsselsheim gesungen. Darunter auch in den „Swinging Sisters“ der <a class="more-link" href="https://patched-voices.de/?page_id=24">weiterlesen&#8230;</a></p>
